11, 13
What are the prime factors of 1547?
7, 13, 17
List the prime factors of 8083.
59, 137
List the prime factors of 1003.
17, 59
List the prime factors of 5988.
2, 3, 499
List the prime factors of 34084.
2, 8521
List the prime factors of 518.
2, 7, 37
What are the prime factors of 24468?
2, 3, 2039
List the prime factors of 2804.
2, 701
List the prime factors of 5154.
2, 3, 859
What are the prime factors of 546?
2, 3, 7, 13
List the prime factors of 3533.
3533
List the prime factors of 8218.
2, 7, 587
What are the prime factors of 1106?
2, 7, 79
What are the prime factors of 140910?
2, 3, 5, 7, 11, 61
What are the prime factors of 148973?
11, 29, 467
List the prime factors of 27807.
3, 13, 23, 31
List the prime factors of 3559.
3559
List the prime factors of 21241.
11, 1931
List the prime factors of 97214.
2, 13, 3739
List the prime factors of 4728.
2, 3, 197
List the prime factors of 47655.
3, 5, 353
What are the prime factors of 13563?
3, 11, 137
List the prime factors of 3011.
3011
List the prime factors of 705.
3, 5, 47
What are the prime factors of 63034?
2, 31517
List the prime factors of 77413.
7, 11059
What are the prime factors of 8105?
5, 1621
What are the prime factors of 38121?
3, 97, 131
List the prime factors of 4458.
2, 3, 743
List the prime factors of 8966.
2, 4483
What are the prime factors of 39620?
2, 5, 7, 283
List the prime factors of 14721.
3, 7, 701
List the prime factors of 45976.
2, 7, 821
What are the prime factors of 922?
2, 461
What are the prime factors of 3189?
3, 1063
List the prime factors of 37195.
5, 43, 173
List the prime factors of 11302.
2, 5651
What are the prime factors of 851?
23, 37
What are the prime factors of 7316?
2, 31, 59
What are the prime factors of 4856?
2, 607
What are the prime factors of 569?
569
List the prime factors of 32875.
5, 263
What are the prime factors of 1282?
2, 641
List the prime factors of 51292.
2, 12823
What are the prime factors of 1229?
1229
What are the prime factors of 59618?
2, 13, 2293
List the prime factors of 1152.
2, 3
What are the prime factors of 9848?
2, 1231
List the prime factors of 878.
2, 439
List the prime factors of 1711.
29, 59
What are the prime factors of 1323?
3, 7
List the prime factors of 17462.
2, 8731
List the prime factors of 2028.
2, 3, 13
What are the prime factors of 1765?
5, 353
List the prime factors of 1773.
3, 197
What are the prime factors of 221?
13, 17
List the prime factors of 1668.
2, 3, 139
List the prime factors of 1300.
2, 5, 13
List the prime factors of 1635.
3, 5, 109
What are the prime factors of 3847?
3847
List the prime factors of 11446.
2, 59, 97
List the prime factors of 1415.
5, 283
List the prime factors of 884.
2, 13, 17
List the prime factors of 21723.
3, 13, 557
List the prime factors of 2871.
3, 11, 29
List the prime factors of 4566.
2, 3, 761
List the prime factors of 33251.
41, 811
List the prime factors of 10315.
5, 2063
List the prime factors of 1493.
1493
List the prime factors of 2236.
2, 13, 43
What are the prime factors of 2477?
2477
List the prime factors of 68676.
2, 3, 59, 97
List the prime factors of 3870.
2, 3, 5, 43
List the prime factors of 101550.
2, 3, 5, 677
What are the prime factors of 36?
2, 3
What are the prime factors of 1495?
5, 13, 23
What are the prime factors of 46350?
2, 3, 5, 103
List the prime factors of 83442.
2, 3, 13907
List the prime factors of 812.
2, 7, 29
What are the prime factors of 585?
3, 5, 13
List the prime factors of 935.
5, 11, 17
What are the prime factors of 1908?
2, 3, 53
List the prime factors of 24605.
5, 7, 19, 37
What are the prime factors of 852?
2, 3, 71
List the prime factors of 2308.
2, 577
What are the prime factors of 14001?
3, 13, 359
What are the prime factors of 67215?
3, 5, 4481
What are the prime factors of 7907?
7907
What are the prime factors of 25093?
23, 1091
What are the prime factors of 101520?
2, 3, 5, 47
List the prime factors of 7667.
11, 17, 41
What are the prime factors of 13370?
2, 5, 7, 191
What are the prime factors of 17008?
2, 1063
List the prime factors of 20836.
2, 5209
What are the prime factors of 27294?
2, 3, 4549
What are the prime factors of 19256?
2, 29, 83
List the prime factors of 732.
2, 3, 61
List the prime factors of 117.
3, 13
What are the prime factors of 25305?
3, 5, 7, 241
List the prime factors of 66478.
2, 43, 773
What are the prime factors of 252?
2, 3, 7
What are the prime factors of 1208?
2, 151
What are the prime factors of 3994?
2, 1997
List the prime factors of 48.
2, 3
List the prime factors of 2766.
2, 3, 461
What are the prime factors of 25220?
2, 5, 13, 97
List the prime factors of 1609.
1609
List the prime factors of 5973.
3, 11, 181
List the prime factors of 1590.
2, 3, 5, 53
What are the prime factors of 1809?
3, 67
What are the prime factors of 332?
2, 83
What are the prime factors of 130?
2, 5, 13
List the prime factors of 2883.
3, 31
What are the prime factors of 43992?
2, 3, 13, 47
List the prime factors of 23533.
101, 233
List the prime factors of 1767.
3, 19, 31
List the prime factors of 17508.
2, 3, 1459
What are the prime factors of 12285?
3, 5, 7, 13
What are the prime factors of 19827?
3, 2203
What are the prime factors of 6340?
2, 5, 317
What are the prime factors of 166?
2, 83
What are the prime factors of 26981?
26981
What are the prime factors of 815?
5, 163
What are the prime factors of 286?
2, 11, 13
List the prime factors of 20439.
3, 757
What are the prime factors of 784?
2, 7
List the prime factors of 12122.
2, 11, 19, 29
What are the prime factors of 886?
2, 443
List the prime factors of 19255.
5, 3851
List the prime factors of 3956.
2, 23, 43
List the prime factors of 30726.
2, 3, 569
What are the prime factors of 688?
2, 43
List the prime factors of 3388.
2, 7, 11
List the prime factors of 13989.
3, 4663
List the prime factors of 1041.
3, 347
List the prime factors of 1843.
19, 97
What are the prime factors of 475?
5, 19
List the prime factors of 20420.
2, 5, 1021
What are the prime factors of 10132?
2, 17, 149
List the prime factors of 4991.
7, 23, 31
What are the prime factors of 17758?
2, 13, 683
What are the prime factors of 4731?
3, 19, 83
What are the prime factors of 2314?
2, 13, 89
List the prime factors of 38554.
2, 37, 521
What are the prime factors of 8537?
8537
What are the prime factors of 219?
3, 73
What are the prime factors of 2853?
3, 317
List the prime factors of 5279.
5279
List the prime factors of 42545.
5, 67, 127
What are the prime factors of 2398?
2, 11, 109
List the prime factors of 221.
13, 17
List the prime factors of 1870.
2, 5, 11, 17
List the prime factors of 6038.
2, 3019
List the prime factors of 2962.
2, 1481
What are the prime factors of 35383?
41, 863
What are the prime factors of 51125?
5, 409
What are the prime factors of 1281?
3, 7, 61
List the prime factors of 86447.
137, 631
What are the prime factors of 75775?
5, 7, 433
List the prime factors of 1092.
2, 3, 7, 13
What are the prime factors of 522?
2, 3, 29
What are the prime factors of 28873?
13, 2221
What are the prime factors of 11044?
2, 11, 251
What are the prime factors of 7067?
37, 191
List the prime factors of 80022.
2, 3, 13337
What are the prime factors of 373?
373
What are the prime factors of 82624?
2, 1291
List the prime factors of 13760.
2, 5, 43
List the prime factors of 89977.
89977
What are the prime factors of 21262?
2, 10631
What are the prime factors of 44052?
2, 3, 3671
What are the prime factors of 11300?
2, 5, 113
List the prime factors of 6279.
3, 7, 13, 23
What are the prime factors of 2328?
2, 3, 97
List the prime factors of 60804.
2, 3, 563
What are the prime factors of 847?
7, 11
List the prime factors of 36523.
36523
List the prime factors of 5465.
5, 1093
List the prime factors of 37679.
41, 919
What are the prime factors of 1945?
5, 389
List the prime factors of 3390.
2, 3, 5, 113
What are the prime factors of 110063?
110063
List the prime factors of 1608.
2, 3, 67
What are the prime factors of 742?
2, 7, 53
List the prime factors of 94371.
3, 83, 379
What are the prime factors of 647?
647
List the prime factors of 1270.
2, 5, 127
List the prime factors of 15881.
15881
List the prime factors of 39031.
23, 1697
What are the prime factors of 8896?
2, 139
List the pri